lculate p(w).
7
Let v(p) be the third derivative of p**4/8 - 5*p**3/6 - 4*p**2. Let k = 686 + -682. Determine v(k).
7
Let i(p) = -6*p**3 - 2*p**2 - 6*p - 5. Let g(f) = 9*f**2 + f + f**3 + 0*f**2 - 8*f**2 + 1 - f**2. Let x(d) = 5*g(d) + i(d). Determine x(-2).
2
Let k(i) = -14*i**2 + 1. Let w(h) be the first derivative of h**3/3 + 5*h**2/2 + 8*h - 4. Let v be w(-2). Let g be 3 + 1/(v/(-8)). What is k(g)?
-13
Let l(h) = -36*h**2 - 88*h - 17. Let q(d) = -9*d**2 - 22*d - 4. Let p(u) = 2*l(u) - 9*q(u). Let s be p(-2). Let a(t) = t. Calculate a(s).
-6
Let q(o) = -3*o**2 + 16*o - 34. Let k = -35399 + 35401. Determine q(k).
-14
Let j = 12306 + -12315. Let p(q) = q**3 + 8*q**2 - 12*q - 14. What is p(j)?
13
Let a(z) = 6*z**3 - 39*z**2 + 2*z - 95. Let h(j) = -4*j**3 + 26*j**2 - j + 63. Let m(y) = 5*a(y) + 8*h(y). Calculate m(7).
-6
Let x(b) = -b**3 - 3*b**2 + 3*b + 4. Let k be x(-3). Let m(y) be the second derivative of 1/12*y**4 - 2*y**2 + 0 - 146*y + 5/6*y**3. Give m(k).
-4
Let q(h) be the second derivative of -h**5/10 - 2*h**4/3 + 2*h**3 - 3*h**2 + 7*h + 35. What is q(-5)?
-16
Let s(h) = 46*h + 329. Let z(t) = -48*t - 342. Let n(a) = 10*s(a) + 11*z(a). Give n(-7).
4
Let b(f) be the third derivative of -f**6/120 - 7*f**5/60 - 5*f**4/24 - f**3/2 - 3*f**2 + f + 2503. Let q = -13 - -7. Give b(q).
-9
Let s(v) = 10*v**2 + 52*v + 6. Let l(q) = -53*q - 1330. Let b be l(-25). What is s(b)?
-4
Suppose 12*j - 17*j = 0. Let k be j*(20/8 + -3). Let y(i) = -13*i + 9. Let p(v) = 16*v - 11. Let z(x) = -4*p(x) - 5*y(x). Determine z(k).
-1
Suppose -9 - 4 = 3*p - 4*x, -2*p = 5*x + 47. Let d(o) = -o**3 - 7*o**2 + 11*o + 1. Let r be d(p). Let l(h) = -8 + 22 - r*h + 363*h. Give l(10).
4
Let h(u) = 46 - 16*u - u**2 - 31 - 16 - 4 - 26. Calculate h(-11).
24
Let h(r) = 26*r + 17. Let z(c) = 9*c + 6. Let l(q) = 4*h(q) - 11*z(q). Let m(p) = 19*p + 6. Let y(k) = -4*l(k) + m(k). Suppose 6*d = 2*d - 12. What is y(d)?
1
Let l(m) be the first derivative of m**3 - 3*m**2/2 - 2*m + 8. Suppose -5*v + 535 = 5*f, 6*v - 2*v + 8 = 0. Let c = -111 + f. Give l(c).
16
Suppose 0 = 5*p + 50 - 0. Let f(a) = -2*a - 12*a + 5*a + 5 - 6. Let g(j) = 25*j + 3. Let w(q) = 11*f(q) + 4*g(q). What is w(p)?
-9
Let s(a) = 12276 - 6*a - 5827 + a**2 - 6455 + 4*a. Let l(g) = g + 6. Let b be l(0). What is s(b)?
18
Let n(t) be the first derivative of 6*t**2 - 27*t - 1732. Give n(3).
9
Let u(b) = 3*b**2 + 10 - 560*b + 2*b**2 + 1161*b - 604*b. Calculate u(4).
78
Let z(y) = y**3 - 9*y**2 + 6*y + 11. Let q(i) be the first derivative of i**2/2 - 7*i - 28. Let n be q(15). Determine z(n).
-5
Let n(b) = b**3 - 2*b**2 - 4*b - 3. Let v(y) = 2*y**3 - y**2 + y. Let a(f) = f**3 - 43*f**2 + 44*f + 2. Let o(s) = -a(s) + v(s). Let p be o(-43). Give n(p).
-11
Let j(n) = 40*n - 135. Let z be j(5). Suppose -81 + z = 2*f. Let t(w) = 4*w - 9 - 3*w - 3*w. Calculate t(f).
7
Let x(p) = 8*p - 21. Let w(u) = 61*u - 157. Let k(h) = -2*w(h) + 15*x(h). Let l be 2*(4 - (3 + -2)). Give k(l).
-13
Suppose 0 = -n - 0*n + 2. Let c(y) = -2*y**3 + 37 - 2*y - y**2 - 21 - 52 + 36. Give c(n).
-24
Let v(f) = -5*f + 1 + 2*f - 4*f**2 - f**3 - 4. Suppose x = 3*b + 4, 5*x = -53 + 28. Give v(b).
-3
Let g be (0 - -1) + 180/12. Let i(u) = -g*u - 11*u + 4 + 25*u. Suppose -5*y - 5 = 5*j, -59*j = -60*j + y + 7. What is i(j)?
-2
Let f(r) be the second derivative of -r**4/12 + r**3/2 + 5*r**2 + 12*r. Let z(o) = -19*o**3 - 2*o - 3. Let n be z(-1). Let a = 25 - n. What is f(a)?
-18
Let f = -47 + 87. Suppose -d + f = -6*d. Let p(m) = -m**2 - 8 + 4*m + 2*m**2 - 3 + 2*m. Determine p(d).
5
Let c(j) = j**3 + 19*j**2 + 5. Let p be 10/6 - (-11098)/(-537). Calculate c(p).
5
Let q(f) be the first derivative of -f**2/2 - 8*f - 1536. Give q(-25).
17
Let j(h) = -33*h**3 - 29*h**2 - 33*h - 56. Let i(p) = 7*p**3 + 6*p**2 + 7*p + 12. Let y(n) = -14*i(n) - 3*j(n). Suppose -3*c + 8*c + 5 = 0. Determine y(c).
1
Let r(g) be the third derivative of -g**6/120 - g**5/15 + g**4/8 + g**2 - 549. Calculate r(-4).
-12
Let m(z) = -z**2 + 1. Suppose -5*b - 96 = 4*u, -5 = 2*u + 3. Let d(w) = -2*w**3 - 32*w**2 - 2*w - 29. Let x be d(b). Determine m(x).
-8
Let u(o) = 2*o. Let n be 12/9*(927/6 + 6). Suppose 0 = -6*q + n - 238. What is u(q)?
-8
Let p = 281 - 438. Let n = 153 + p. Let k(v) be the second derivative of -v**3/2 - 5*v**2/2 + 2*v. Determine k(n).
7
Let b(n) = -5*n - 1. Suppose -q = -6*q + 20. Suppose -q*s - 8 = -0. Give b(s).
9
Suppose -357*a + 356*a = -8, 5*a - 32 = -u. Let b(v) = v**3 + 7*v**2 - 3*v + 29. What is b(u)?
-11
Let p(h) = -13*h**3 + 12*h**2 + 22*h + 95. Let d(f) = 8*f**3 - 9*f**2 - 14*f - 63. Let c(b) = -8*d(b) - 5*p(b). Calculate c(-12).
5
Let n be 5 + ((-56952)/(-8))/(-9). Let s = n - -795. Let q(v) = 2*v - 2. Determine q(s).
16
Let n(a) be the third derivative of -1/120*a**6 + 25*a**2 - 1/3*a**4 + 0*a + 0 - 2/15*a**5 + 5/6*a**3. Calculate n(-6).
-19
Let b(l) = 3*l + 20. Let o be b(6). Suppose 24 = 30*s - o*s. Let f(p) = p - 1. Give f(s).
-4
Let u(l) be the first derivative of l**4/24 - 2*l**3 + 16*l**2 - 5. Let y(w) be the second derivative of u(w). What is y(0)?
-12
Let h(r) = 6*r**3 + 21*r**2 + 21*r + 31. Let v(w) = 7*w**3 + 22*w**2 + 22*w + 35. Let o(s) = 6*h(s) - 5*v(s). Determine o(-15).
-4
Let i(w) = w**2 + 1. Suppose -2 = -50*c + 49*c. Suppose -21 = -c*b - 11. Let z = -3 + b. What is i(z)?
5
Let z(w) = w**2 - 31*w - 22. Suppose -116 = -i - 84. Determine z(i).
10
Let r(c) = -37*c**3 + 40*c**2 - 43*c + 14. Let s(v) = 23*v**3 - 25*v**2 + 27*v - 9. Let k(f) = -5*r(f) - 8*s(f). Suppose 0 = -2*b - 0*b. Calculate k(b).
2
Let u(a) be the first derivative of -a**4/4 + 2*a**3 - 5*a**2/2 + 11*a + 926. Calculate u(7).
-73
Let h be 4/(-2) - 1*-2. Let b(d) be the first derivative of 1/2*d**2 - 6*d - 1/4*d**4 - 210 - 1/3*d**3. What is b(h)?
-6
Let k(j) = 962*j + 11. Let y(a) = -770*a - 11. Let r(q) = 4*k(q) + 5*y(q). Suppose 0 = w + 2*m + 7 + 10, -2*w - 13 = -3*m. Calculate r(w).
11
Let n = -115 + 109. Let p(a) be the second derivative of a**5/20 + 7*a**4/12 + a**3/3 - 13*a**2/2 - 17*a - 6. Calculate p(n).
11
Let h(n) be the second derivative of n**4/12 - n**3/3 - 7*n**2/2 + n. Suppose -3*f = -4*x - 353, -5*x + 50 = 2*f + 520. Let i = 98 + x. Determine h(i).
17
Let r be (-1)/2*(0/(-2) - 4). Let l(y) = 4*y - 5*y**2 - 5 + 4*y**r + 6. What is l(6)?
-11
Let f(c) be the third derivative of 7/3*c**3 - 1/120*c**5 + 11/24*c**4 + 0*c - c**2 - 3. Let d(r) be the first derivative of f(r). What is d(7)?
4
Let j be (-48)/40*((-20)/3)/4. Let v(g) = -2 + 18 - 45 + 7 - j*g. Calculate v(-8).
-6
Let j = 35747 - 35747. Let s(p) be the third derivative of j + 0*p + 1/24*p**4 - 3*p**2 - 2/3*p**3. Give s(0).
-4
Let l(n) = 14*n**2 - 5*n + 12. Let c(f) = -f**2 + 97*f + 3656. Let y be c(-29). Determine l(y).
58
Let s be (-15)/(-6) - -14*2/(-8). Let l(w) = -52*w. Give l(s).
52
Let o(n) be the third derivative of 0 - 1/6*n**4 + 24*n**2 + 0*n + 1/360*n**6 - 1/12*n**5 + 0*n**3. Let s(l) be the second derivative of o(l). Calculate s(9).
8
Let o = 43 - 37. Suppose 4*i - 14 + o = 0. Let g(a) = 34*a - 34*a - a**3 - i. What is g(0)?
-2
Let y(j) = -2*j + 3. Let n(c) = -3*c + 26. Let l(b) = n(b) - 4*y(b). What is l(-2)?
4
Let l(t) = 3*t - 15. Let i(k) = 238*k + 223. Let f be i(-1). Determine l(f).
-60
Let m = 163 + -164. Let s(h) = 9 - 30 + 31*h + 9 + 11. Determine s(m).
-32
Let q(i) = i**3 - 29*i**2 - 30*i + 5. Let a = -30 + 60. Determine q(a).
5
Let m(y) = y**2 + 3*y - 2. Let x be 284/(-48) - 23/276 - (-3 - -1). Give m(x).
2
Let d(w) = 38 - 794*w + 364*w + 445*w + w**2. Give d(-12).
2
Let i(f) be the second derivative of 3/2*f**2 - 1 - 51*f - 2/3*f**3 + 1/6*f**4. Determine i(2).
3
Let t(r) = r - 1. Let s(w) = 2*w**2 + 5*w - 8. Suppose -25 = -2*x + 7*x. Let q be s(x). Let j = q - 12. What is t(j)?
4
Let f(b) = 3*b**2 + b - 21. Let r be (5 - -5)*26/(-52). Calculate f(r).
49
Let o(t) = -547 + 26*t - 2*t**2 - 508 + 991. Give o(3).
-4
Let s(t) be the first derivative of 9/2*t**2 - t + 45. Let k = 7 + -8. Determine s(k).
-10
Let k = 615 + -612. Let n(c) = -c**2 - c + 1. Let q(w) = 3*w**2 + 4*w - 5. Let a(t) = -9*n(t) - 2*q(t). Calculate a(k).
31
Let c(d) = 19*d + 3. Let p(h) = 28*h + 5. Let q(y) = 7*c(y) - 5*p(y). Let j be 14/(-364)*6 + 252/78. Calculate q(j).
-25
Let o = 162 - 184. Let u(z) = 2*z + 44. Let h be u(o